) in base 10?
-2226
What is 130121 (base 5) in base 2?
1001110101100
-41 (base 12) to base 8
-61
Convert -111114 (base 5) to base 15.
-1259
42240 (base 5) to base 16
b04
What is -3412004 (base 5) in base 8?
-165536
What is -1a9 (base 11) in base 12?
-180
Convert -12001122 (base 3) to base 11.
-2854
460 (base 14) to base 10
868
What is -7772 (base 8) in base 13?
-1b28
What is 161a6 (base 12) in base 8?
75216
Convert 553 (base 15) to base 6.
5323
Convert -3a5 (base 11) to base 10.
-478
-36106 (base 8) to base 15
-488a
What is -1000101000110 (base 2) in base 8?
-10506
-11112202 (base 3) to base 2
-110011110010
12 (base 10) to base 8
14
What is 374 (base 11) in base 15?
1e9
33053 (base 11) to base 14
136aa
What is -212 (base 14) in base 7?
-1122
1102000011 (base 3) to base 4
12300322
-1434331 (base 5) to base 16
-777f
Convert 1a98 (base 15) to base 9.
7818
What is 2030 (base 4) in base 9?
165
What is 25234 (base 6) in base 11?
2914
What is -11aa (base 11) in base 3?
-2011020
What is 1432 (base 7) in base 16?
232
What is -204a (base 12) in base 5?
-103024
-100101010 (base 2) to base 3
-102001
Convert -1987 (base 12) to base 8.
-6067
-2210200022 (base 3) to base 5
-3231134
Convert 748 (base 11) to base 14.
483
What is -1319 (base 11) in base 5?
-23324
51a (base 15) to base 9
1517
-508 (base 9) to base 16
-19d
What is 10858 (base 14) in base 12?
1b226
-220324 (base 8) to base 2
-10010000011010100
What is -10111110 (base 3) in base 15?
-b50
What is -222020222 (base 3) in base 8?
-45306
Convert b79 (base 15) to base 8.
5035
Convert -111325 (base 6) to base 16.
-24c5
Convert -5267 (base 10) to base 8.
-12223
Convert 13032 (base 4) to base 8.
716
What is 109 (base 13) in base 15?
bd
-14344 (base 9) to base 14
-37b2
Convert -10100022 (base 3) to base 10.
-2438
Convert 220200 (base 3) to base 12.
476
Convert 27c2 (base 15) to base 5.
233012
What is 402 (base 10) in base 14?
20a
-3711 (base 13) to base 7
-31464
-10c17 (base 13) to base 5
-1434414
1036 (base 15) to base 4
311202
15432 (base 6) to base 10
2540
Convert 122332 (base 5) to base 14.
1a0d
-1012 (base 5) to base 7
-246
Convert -1d5 (base 16) to base 15.
-214
Convert 2465 (base 7) to base 14.
4a5
-5925 (base 10) to base 6
-43233
What is 1a0 (base 15) in base 4?
11313
What is 352332 (base 6) in base 15?
8ee8
-2789 (base 10) to base 6
-20525
12267 (base 9) to base 12
492a
What is 70 (base 16) in base 12?
94
Convert -11001202 (base 3) to base 10.
-2963
20112 (base 8) to base 11
6235
Convert 313 (base 8) to base 5.
1303
-12015 (base 9) to base 13
-386c
Convert -35644 (base 8) to base 5.
-442033
Convert -3094 (base 10) to base 16.
-c16
Convert 10100001001010 (base 2) to base 11.
7827
What is -11110110111 (base 2) in base 15?
-8ba
-1429a (base 12) to base 9
-42431
Convert 203532 (base 8) to base 4.
100131122
Convert 14b (base 16) to base 8.
513
What is -5454 (base 7) in base 12?
-1166
What is -102121 (base 5) in base 8?
-6523
-500 (base 6) to base 12
-130
33 (base 12) to base 15
29
Convert 11140 (base 5) to base 4.
30123
What is 4105 (base 9) in base 2?
101110111010
-561 (base 9) to base 11
-389
Convert 2468 (base 15) to base 16.
1e44
What is 6238 (base 10) in base 9?
8501
Convert 1589 (base 13) to base 7.
12125
100220 (base 3) to base 5
2032
-7074 (base 15) to base 10
-23734
What is -77 (base 10) in base 2?
-1001101
Convert -51345 (base 8) to base 12.
-10345
bb1 (base 12) to base 6
11541
What is 0 (base 15) in base 14?
0
What is 24021 (base 5) in base 10?
1761
What is 454 (base 16) in base 4?
101110
What is 1121 (base 6) in base 10?
265
What is -1022 (base 9) in base 8?
-1355
Convert -17212 (base 11) to base 7.
-130410
What is 110000011011 (base 2) in base 8?
6033
-1101000 (base 3) to base 8
-1747
-1408 (base 13) to base 4
-231001
Convert 29ef (base 16) to base 10.
10735
-231 (base 5) to base 4
-1002
10210011 (base 3) to base 13
1342
615 (base 10) to base 11
50a
What is -4054 (base 8) in base 12?
-1264
What is 221300 (base 4) in base 13?
12a7
What is 1000112 (base 3) in base 16?
2e7
Convert -832 (base 14) to base 15.
-727
What is -100111101 (base 2) in base 14?
-189
What is 1110010110 (base 2) in base 3?
1021000
Convert 112221 (base 5) to base 6.
30445
What is 1313 (base 14) in base 12?
1b31
Convert -1a0 (base 14) to base 12.
-240
11295 (base 11) to base 10
16318
Convert 3fdd (base 16) to base 2.
11111111011101
-412 (base 8) to base 7
-530
-1101100 (base 2) to base 12
-90
16454 (base 7) to base 6
33422
Convert -11708 (base 9) to base 14.
-2c1b
Convert -323314 (base 5) to base 7.
-44213
Convert -9b1 (base 13) to base 9.
-2250
Convert -2865 (base 16) to base 11.
-7851
Convert 366 (base 11) to base 12.
303
What is 100000101 (base 2) in base 15?
126
-12212001 (base 3) to base 10
-4267
What is -110102210 (base 3) in base 9?
-13383
1176c (base 13) to base 12
16653
What is 424 (base 5) in base 4?
1302
What is 843 (base 14) in base 16?
65b
Convert c46 (base 15) to base 12.
1726
Convert -312 (base 13) to base 2.
-1000001010
11331 (base 4) to base 14
1d3
18a40 (base 15) to base 4
103200333
-129d (base 16) to base 8
-11235
What is -1bd (base 15) in base 14?
-20b
Convert -10001001101110 (base 2) to base 4.
-2021232
Convert 3b (base 15) to base 13.
44
What is 1246 (base 11) in base 13?
97b
-355 (base 11) to base 13
-267
101111001011000 (base 2) to base 9
36115
What is -100001100 (base 2) in base 15?
-12d
What is 732 (base 8) in base 12?
336
Convert 146b (base 15) to base 2.
1000100011000
Convert 6fa (base 16) to base 2.
11011111010
Convert -808 (base 12) to base 9.
-1528
-1025 (base 7) to base 15
-192
-7685 (base 10) to base 16
-1e05
What is -122 (base 16) in base 5?
-2130
Convert 23511 (base 7) to base 12.
3630
Convert 110244 (base 5) to base 14.
1572
Convert 3014 (base 16) to base 12.
7158
-152 (base 16) to base 4
-11102
What is -9977 (base 10) in base 9?
-14615
-1a (base 15) to base 11
-23
-211 (base 6) to base 10
-79
3704 (base 8) to base 6
13112
What is -235304 (base 6) in base 4?
-11002120
Convert 2200213 (base 4) to base 7.
41653
What is 1733 (base 11) in base 15?
9c9
What is -2010 (base 3) in base 16?
-39
1264 (base 11) to base 9
2225
What is 22322203 (base 4) in base 7?
244225
-1210 (base 14) to base 3
-11022200
Convert -1202200 (base 6) to base 4.
-33103320
Convert 2034 (base 11) to base 3.
10200222
Convert -21002 (base 3) to base 15.
-cb
9e9 (base 15) to base 8
4304
What is -1100102101 (base 3) in base 11?
-18a48
Convert -264554 (base 7) to base 12.
-248b8
What is 3a4 (base 15) in base 16?
33d
What is 525021 (base 6) in base 7?
235045
-117330 (base 9) to base 10
-70983
Convert 176276 (base 8) to base 16.
fcbe
What is 861 (base 14) in base 13?
9a2
What is -12351 (base 6) in base 9?
-2504
Convert -45477 (base 8) to base 13.
-89ca
-1352 (base 6) to base 13
-215
What is 10100101001 (base 2) in base 15?
5d1
-201211 (base 3) to base 10
-535
-52 (base 9) to base 11
-43
What is -21021222 (base 3) in base 6?
-40342
What is 9c (base 15) in base 14?
a7
Convert -13461 (base 10) to base 3.
-200110120
What is 11106 (base 12) in base 2?
101100001010110
2e5 (base 15) to base 2
1010011001
Convert -643 (base 13) to base 16.
-42d
-981 (base 10) to base 9
-1310
What is 369 (base 13) in base 9?
730
What is 11400 (base 5) in base 10?
850
Convert 11566 (base 7) to base 11.
2311
Convert c3f (base 16) to base 10.
3135
Convert 1243 (base 8) to base 13.
3cc
Convert -59 (base 14) to base 11.
-72
Convert -2d (base 14) to base 7.
-56
12214 (base 5) to base 2
1110100110
-11011010 (base 2) to base 13
-13a
Convert 13205 (base 6) to base 15.
8eb
What is e7 (base 15) in base 12?
161
-554 (base 7) to base 14
-164
What is 130 (base 6) in base 14?
3c
Convert 9aa5 (base 14) to base 6.
324025
176672 (base 8) to base 10
64954
Convert 400 (base 11) to base 7.
1261
Convert -1822 (base 15) to base 4.
-1101113
What is 213545 (base 6) in base 8?
42451
Convert -3387 (base 9) to base 12.
-1551
-a96 (base 16) to base 13
-1306
What is 2a4 (base 11) in base 12?
258
642 (base 9) to base 7
1346
100 (base 3) to base 10
9
What is -46e0 (base 15) in base 11?
-10351
What is 1101120 (base 3) in base 6?
4410
Convert 10000011 (base 2) to base 7.
245
What is -330243 (base 6) in base 14?
-9d51
Convert 12121 (base 8) to base 4.
1101101
What is 32b2 (base 14) in b